se 12.
-3346
What is -1241 (base 6) in base 16?
-139
Convert -109a8 (base 12) to base 4.
-11122100
What is -3223333 (base 4) in base 10?
-15103
What is 211120212 (base 3) in base 11?
1140a
What is bb0 (base 13) in base 2?
11111010010
What is -1abb (base 13) in base 9?
-5480
Convert 12d6 (base 14) to base 7.
12456
Convert 1223 (base 8) to base 9.
812
-3307 (base 9) to base 14
-c61
What is -11001010010001 (base 2) in base 13?
-5b7a
-35023 (base 6) to base 2
-1001101110111
Convert -1474 (base 11) to base 5.
-30041
What is 186 (base 15) in base 7?
1011
Convert 4993 (base 10) to base 5.
124433
Convert 1154440 (base 6) to base 3.
10010222020
Convert -1240413 (base 6) to base 7.
-400632
What is 1010101010001 (base 2) in base 6?
41133
Convert 538 (base 14) to base 7.
3001
What is 2b50 (base 12) in base 16?
13ec
Convert -2123 (base 9) to base 12.
-aa0
Convert -1143234 (base 6) to base 15.
-12d3d
What is 11204 (base 6) in base 14?
816
What is -423 (base 9) in base 13?
-207
What is -211010011 (base 3) in base 4?
-3323323
Convert -221012 (base 4) to base 3.
-10121102
Convert -8a02 (base 12) to base 5.
-442031
Convert 3221 (base 7) to base 16.
476
Convert 180a (base 15) to base 11.
3994
Convert -11693 (base 11) to base 6.
-205440
What is -6e (base 16) in base 6?
-302
What is 100011110011101 (base 2) in base 6?
220513
Convert -47034 (base 8) to base 14.
-7404
What is 249 (base 11) in base 8?
447
Convert 22020012 (base 3) to base 2.
1011101101111
Convert 315233 (base 6) to base 2.
110010011000101
122110000 (base 3) to base 5
401332
What is 2148 (base 11) in base 7?
11160
What is 1010010111010010 (base 2) in base 12?
20696
102012 (base 3) to base 13
1a3
What is 21b (base 14) in base 3?
120110
-3044 (base 9) to base 11
-1745
Convert 615 (base 12) to base 4.
31301
20220 (base 4) to base 13
336
-143 (base 14) to base 9
-313
16359 (base 11) to base 16
5a0e
What is -c6d (base 16) in base 10?
-3181
-100110110000001 (base 2) to base 8
-46601
Convert -335 (base 13) to base 2.
-1000100111
What is 1437 (base 9) in base 8?
2077
Convert -1111000000101 (base 2) to base 12.
-4545
What is -27371 (base 8) in base 11?
-9042
What is -1330 (base 6) in base 11?
-291
What is 2121022211 (base 3) in base 16?
c844
7cdc (base 15) to base 8
63644
What is 214520 (base 7) in base 12?
19952
Convert -3320 (base 5) to base 12.
-324
Convert 5244 (base 6) to base 9.
1551
Convert -16656 (base 9) to base 6.
-125040
What is -a94 (base 11) in base 7?
-3554
What is -21188 (base 9) in base 16?
-36bc
What is -100131 (base 4) in base 13?
-630
Convert 2205 (base 7) to base 11.
658
321 (base 11) to base 5
3021
Convert 8 (base 15) to base 13.
8
162 (base 9) to base 12
b5
What is c9d (base 16) in base 3?
11102121
What is 87b4 (base 14) in base 9?
35181
28 (base 10) to base 15
1d
Convert -420352 (base 6) to base 16.
-842c
What is -817 (base 11) in base 6?
-4322
Convert 5893 (base 11) to base 6.
55433
What is -5d3 (base 14) in base 9?
-1534
What is -25a (base 11) in base 12?
-217
Convert -2593 (base 10) to base 8.
-5041
What is 1010000001010 (base 2) in base 6?
35430
505a (base 14) to base 12
7ba0
967 (base 16) to base 15
aa7
What is 11110010100 (base 2) in base 8?
3624
-e4b (base 15) to base 14
-1261
Convert 2531 (base 6) to base 12.
447
15492 (base 11) to base 4
11111321
Convert -912 (base 10) to base 13.
-552
Convert -34255 (base 7) to base 12.
-5061
Convert -12230 (base 5) to base 13.
-574
What is 26026 (base 8) in base 10?
11286
What is -7960 (base 13) in base 4?
-10021102
13048 (base 9) to base 4
2021120
What is -a24 (base 12) in base 9?
-2011
Convert -133067 (base 8) to base 12.
-22bb3
232220 (base 4) to base 15
d3e
What is -25272 (base 9) in base 15?
-507e
What is 20243 (base 7) in base 2?
1001101000011
-2150 (base 7) to base 9
-1045
-1202020 (base 3) to base 7
-3501
What is 20323 (base 4) in base 3?
210011
242534 (base 7) to base 14
12154
Convert -202211 (base 3) to base 12.
-3aa
-471 (base 10) to base 7
-1242
Convert 2136 (base 9) to base 12.
ab0
102 (base 6) to base 14
2a
-684 (base 13) to base 7
-3162
-10333 (base 7) to base 6
-15524
What is -52606 (base 8) in base 6?
-245210
-1101010101 (base 2) to base 12
-5b1
What is 6600 (base 10) in base 11?
4a60
What is -70a (base 15) in base 11?
-1211
What is 1212033 (base 4) in base 15?
1e13
What is -1219 (base 12) in base 8?
-3765
41231 (base 7) to base 13
4775
4412 (base 6) to base 14
528
Convert -114880 (base 9) to base 5.
-4203441
Convert ab0a (base 13) to base 16.
5d1f
Convert 1ceb (base 15) to base 11.
4804
-21014 (base 5) to base 15
-624
-3200202 (base 4) to base 12
-8396
What is aa4a (base 12) in base 3?
221202111
What is -113341 (base 6) in base 15?
-2dbd
What is 1010101101 (base 2) in base 15?
30a
-29f4 (base 16) to base 15
-32b0
Convert 2799 (base 11) to base 5.
103432
What is 7635 (base 13) in base 6?
204033
What is -433 (base 9) in base 12?
-256
Convert 3233 (base 12) to base 6.
41303
What is -353a (base 12) in base 11?
-451a
-1122 (base 4) to base 15
-60
What is 204b5 (base 13) in base 3?
2221111011
Convert -10a28 (base 11) to base 3.
-210210012
-10467 (base 13) to base 7
-151326
Convert -132054 (base 6) to base 16.
-2f62
Convert -11002 (base 4) to base 16.
-142
What is c008 (base 14) in base 5?
2023221
Convert 1010011010000 (base 2) to base 10.
5328
-31100 (base 4) to base 12
-5a8
-4030 (base 14) to base 4
-2230022
Convert -6361 (base 7) to base 11.
-1764
What is 2147 (base 13) in base 9?
6305
What is b08 (base 13) in base 4?
131023
What is 205b (base 12) in base 4?
313013
What is -27586 (base 9) in base 15?
-5823
-3591 (base 16) to base 11
-a337
358 (base 10) to base 8
546
What is 3994 (base 14) in base 6?
114514
-1931 (base 10) to base 16
-78b
Convert -733 (base 14) to base 8.
-2611
What is 1c1 (base 15) in base 4?
12112
-12012202 (base 3) to base 14
-1556
-666 (base 15) to base 6
-10410
Convert 1178 (base 12) to base 6.
13032
Convert -120453 (base 6) to base 11.
-7a17
60 (base 12) to base 4
1020
-10100011100011 (base 2) to base 6
-120243
22122200 (base 3) to base 15
1d09
Convert -123130 (base 4) to base 8.
-3334
-17b9 (base 13) to base 14
-1404
Convert -16688 (base 9) to base 16.
-2ced
Convert 110 (base 12) to base 4.
2130
Convert -101232 (base 4) to base 9.
-1500
Convert -11436 (base 8) to base 14.
-1ad8
-319 (base 11) to base 4
-11333
5272 (base 9) to base 4
330200
3859 (base 12) to base 13
2bb9
Convert 15493 (base 12) to base 7.
153435
What is 4466 (base 7) in base 13?
974
Convert -100102222 (base 3) to base 5.
-210014
Convert -962 (base 14) to base 2.
-11100111010
3a7 (base 13) to base 16
284
-20112222 (base 3) to base 14
-1a54
-202 (base 11) to base 7
-466
-1113103 (base 5) to base 13
-9005
What is 100010111111001 (base 2) in base 15?
5493
What is 4013 (base 12) in base 2?
1101100001111
22b0 (base 13) to base 3
20200120
What is -12053 (base 12) in base 4?
-11322333
Convert 16131 (base 7) to base 10.
4530
-2b7 (base 12) to base 6
-1551
What is 80 (base 16) in base 11?
107
-1111101110011011 (base 2) to base 14
-1968b
What is -100010110111001 (base 2) in base 7?
-103016
-22200 (base 3) to base 4
-3222
What is 24023 (base 5) in base 14?
8dd
1b9 (base 14) to base 9
438
What is 1985 (base 16) in base 2?
1100110000101
What is -275 (base 15) in base 11?
-46a
Convert -408c (base 13) to base 16.
-22c8
-11230 (base 5) to base 16
-32f
-151b (base 16) to base 13
-25c8
Convert 2d9 (base 16) to base 4.
23121
What is -1787 (base 9) in base 16?
-55f
What is -1130 (base 4) in base 10?
-92
7a21 (base 13) to base 8
41310
What is -360 (base 12) in base 10?
-504
450 (base 13) to base 10
741
Convert -3 (base 15) to base 13.
-3
What is -16a6 (base 12) in base 4?
-222132
What is 75b5 (base 13) in base 16?
3ff4
What is -1304230 (base 5) in base 10?
-25565
What is 322301 (base 5) in base 14?
3dc3
What is 45 (base 15) in base 10?
65
121201 (base 3) to base 7
1213
What is -13451 (base 6) in base 3?
-2220111
2433 (base 9) to base 7
5166
What is -100011 (base 3) in base 6?
-1051
What is 3117 (base 10) in base 11?
2384
Convert -1a62 (base 14) to base 6.
-34102
-220525 (base 6) to base 14
-6981
What is 32201212 (base 4) in base 15?
12964
What is -20021 (base 3) in base 12?
-121
Convert -6141 (base 8) to base 5.
-100134
What is -542 (base 14) in base 10?
-10